
-40
Let a(f) = -f**3 + 79*f**2 + 245*f + 50. Give a(82).
-32
Let k(c) = 1085*c + 2134. Calculate k(-2).
-36
Let v(n) = -2470*n + 46927. Give v(19).
-3
Let c(v) = v**3 - 13*v**2 - v - 43. Calculate c(13).
-56
Let z(q) = 3*q**3 + 4*q**2 - 23*q - 18. Give z(3).
30
Let z(h) = -6*h**3 + 187*h**2 - 16*h + 43. What is z(31)?
508
Let c(b) = 81*b - 144. Calculate c(2).
18
Let y(q) = -13*q**2 - 86*q - 250. Calculate y(-3).
-109
Let l(s) = 2*s**3 - 56*s**2 + 270*s - 96. What is l(22)?
36
Let r(j) = 17*j + 272. Determine r(-17).
-17
Let y(b) = -219*b - 33286. Calculate y(-152).
2
Let v(r) = 8*r - 104. Calculate v(21).
64
Let p(b) = 32*b**2 + 2*b + 19. Determine p(0).
19
Let u(j) = 25*j + 108. What is u(-13)?
-217
Let z(k) = 218*k - 2184. Give z(10).
-4
Let c(b) = -b**3 - 34*b**2 + 44*b + 185. What is c(-35)?
-130
Let q(x) = 2*x**3 - 26*x**2 + 42*x - 238. Give q(12).
-22
Let g(z) = 2*z**2 - 779*z + 6107. What is g(8)?
3
Let i(u) = -3*u + 129. Calculate i(-12).
165
Let m(v) = -v**2 + 532*v + 2162. What is m(-4)?
18
Let l(r) = -323*r - 2286. What is l(-7)?
-25
Let n(i) = -25*i**2 + 85*i + 1. What is n(3)?
31
Let z(i) = -70*i - 276. Give z(-4).
4
Let o(t) = 9*t**3 + 2*t**2 - 17*t + 15. What is o(1)?
9
Let o(t) = t**3 - 18*t**2 + 98*t - 480. Give o(13).
-51
Let m(x) = x**3 + 21*x**2 + 78*x - 4. Calculate m(-5).
6
Let q(g) = g**2 - 143*g - 5192. Calculate q(-30).
-2
Let f(h) = h**3 - 53*h**2 + 537*h - 683. Give f(40).
-3
Let u(n) = 28*n - 732. Calculate u(26).
-4
Let h(c) = -c**3 + 23*c**2 - 118*c + 11. What is h(15)?
41
Let z(g) = 22*g + 395. Determine z(-25).
-155
Let t(q) = -18*q**2 + 42*q. Give t(1).
24
Let t(b) = -2*b**2 - 35*b + 764. Give t(13).
-29
Let m(k) = -3*k + 24. Determine m(6).
6
Let z(g) = 238*g - 39498. Calculate z(166).
10
Let j(l) = -l**2 + 43*l - 237. Calculate j(37).
-15
Let g(m) = 5*m**2 - 74*m + 220. What is g(5)?
-25
Let y(u) = u**3 - 16*u**2 - 46*u - 18. Calculate y(19).
191
Let g(x) = 93*x**2 + 119*x + 16. Calculate g(-3).
496
Let q(u) = 6*u**2 + 40*u + 32. What is q(-9)?
158
Let p(r) = -2*r**2 + 17*r + 119. What is p(9)?
110
Let p(r) = -223*r + 2928. Determine p(13).
29
Let b(w) = -336*w - 2683. Determine b(-8).
5
Let z(s) = -11*s**3 - 4*s**2 - 4*s + 7. What is z(0)?
7
Let v(c) = -c**3 + 107*c**2 + 332*c - 4. Calculate v(110).
216
Let b(n) = -6*n**3 + 2*n**2 - 4*n + 6. What is b(0)?
6
Let z(v) = 55*v**2 + 285*v + 107. Determine z(-5).
57
Let g(c) = 111*c - 14742. What is g(133)?
21
Let z(c) = 21*c**3 - 4*c**2 + 6*c - 4. Calculate z(1).
19
Let s(o) = o**3 - 373*o**2 - 2274*o - 18. Determine s(-6).
-18
Let t(l) = l**2 + 13*l - 82. Determine t(-19).
32
Let q(d) = -d**2 + 132*d - 2594. Give q(24).
-2
Let n(j) = 38*j**2 + 393*j + 6. Calculate n(-10).
-124
Let y(i) = -3*i**2 + 310*i + 205. Determine y(104).
-3
Let p(w) = w**2 - 25*w + 210. Give p(8).
74
Let f(h) = -593*h**2 - 1. Determine f(-1).
-594
Let t(p) = 318*p + 62628. Determine t(-197).
-18
Let n(f) = -10*f**2 + 78*f - 59. Give n(7).
-3
Let u(y) = 323*y + 28416. Give u(-88).
-8
Let f(m) = m**2 - 40*m + 314. Give f(33).
83
Let f(i) = -37*i - 311. Determine f(-10).
59
Let p(j) = -2*j**3 - 43*j**2 - 22*j - 48. Determine p(-21).
-27
Let j(t) = 4*t**2 - 80*t - 679. What is j(27)?
77
Let q(f) = -4*f**3 + 15*f**2 + 8*f - 55. Give q(3).
-4
Let j(z) = -94*z + 12410. Determine j(133).
-92
Let n(l) = -4*l**2 - 14*l + 295. Determine n(7).
1
Let d(n) = 2*n**3 + 17*n**2 - 52*n - 159. Determine d(-2).
-3
Let p(o) = -39*o**3 - 17*o**2 + 74*o + 151. What is p(-2)?
247
Let i(q) = -q + 37. What is i(18)?
19
Let w(f) = 18*f**2 - 71*f - 243. Calculate w(-3).
132
Let g(c) = 2*c**3 - 31*c**2 - 18*c + 2. Calculate g(16).
-30
Let j(g) = -3*g**3 + g**2 - 30*g - 7. What is j(5)?
-507
Let j(c) = -7*c**3 + 211*c**2 - 28*c - 61. Calculate j(30).
-1
Let s(v) = -2*v**3 - 4*v**2 - 36*v - 181. What is s(-4)?
27
Let v(m) = 81*m + 1292. Calculate v(-16).
-4
Let n(c) = 1030*c + 7047. Calculate n(-7).
-163
Let l(u) = -98*u + 22. Calculate l(-2).
218
Let w(g) = 273*g + 501. What is w(-2)?
-45
Let o(l) = -l**3 + 97*l**2 - 420*l - 218. Determine o(5).
-18
Let s(g) = g**2 + 17*g + 80. Determine s(0).
80
Let n(a) = -a**2 + 19*a + 380. Determine n(-12).
8
Let r(t) = -6*t**2 + 28*t + 50. Calculate r(6).
2
Let t(v) = v**2 - 31*v - 2029. Give t(-32).
-13
Let l(y) = y**2 - 18*y - 2. What is l(14)?
-58
Let h(l) = 191*l - 569. Give h(3).
4
Let s(h) = -183*h - 2039. What is s(-12)?
157
Let o(r) = -25*r + 227. Determine o(-2).
277
Let r(v) = -174*v + 874. Calculate r(5).
4
Let j(b) = -3*b**2 + 90*b + 23. Determine j(30).
23
Let g(w) = -2*w**3 + 67*w**2 + 39*w - 2. What is g(0)?
-2
Let v(s) = s**2 - 17*s - 28. Give v(15).
-58
Let g(m) = -57*m + 1359. Determine g(24).
-9
Let d(q) = -2*q**3 - 10*q**2 - 7745*q - 46547. Determine d(-6).
-5
Let p(c) = -2*c**3 - 13*c**2 - 39*c - 116. Determine p(-5).
4
Let b(k) = -k**2 - 29*k - 147. Calculate b(-23).
-9
Let y(j) = 166*j + 200. Calculate y(-3).
-298
Let m(g) = 421*g - 7139. Determine m(17).
18
Let h(k) = k**3 - 6*k**2 - 17*k + 54. Determine h(-6).
-276
Let u(i) = -3*i**2 - 10*i + 43. Calculate u(-13).
-334
Let u(h) = -25*h - 1037. Determine u(-38).
-87
Let b(h) = -h**3 + 23*h**2 + 462*h - 86. What is b(-13)?
-8
Let h(z) = 166*z - 9629. Calculate h(58).
-1
Let r(v) = -v**3 + 15*v**2 - 15*v + 2. Give r(14).
-12
Let l(z) = -z**3 + 136*z**2 - 660*z + 19. What is l(5)?
-6
Let a(d) = -94*d + 3210. Calculate a(34).
14
Let n(x) = x**3 - 129*x**2 + 6*x - 783. Calculate n(129).
-9
Let s(r) = -r**3 - 9*r**2 + 4*r + 114. Give s(-6).
-18
Let q(u) = -474*u + 39. Determine q(1).
-435
Let f(r) = -282*r + 11845. Give f(42).
1
Let y(u) = 97*u**2 + 4*u - 3. Calculate y(1).
98
Let v(f) = -2*f**3 + 18*f**2 - 37*f + 32. What is v(9)?
-301
Let v(g) = -g**2 + 23*g + 3513. Give v(72).
-15
Let c(w) = -11*w + 570. Determine c(41).
119
Let c(w) = 3*w**2 + 75*w - 796. What is c(8)?
-4
Let t(l) = -121*l - 663. Determine t(-8).
305
Let n(k) = 32*k - 726. What is n(30)?
234
Let z(t) = -t**3 + 68*t**2 - 76*t + 378. Calculate z(67).
-225
Let n(q) = -47*q - 2521. Calculate n(-55).
64
Let m(t) = t**3 + 15*t**2 + 574*t + 7119. What is m(-13)?
-5
Let g(z) = -3*z**3 + 108*z**2 + 349*z + 84. Determine g(39).
6
Let p(o) = 2*o**3 - 9*o**2 - 9*o + 39. Calculate p(5).
19
Let w(h) = 32*h - 2519. Calculate w(100).
681
Let z(t) = 78*t + 112. Determine z(4).
424
Let t(n) = -n**3 + 25*n**2 + 47*n + 193. Determine t(27).
4
Let o(h) = -h**3 + 30*h**2 + 79*h - 431. Determine o(32).
49
Let y(d) = -251*d - 29610. Calculate y(-118).
8
Let y(a) = -3*a**3 + 118*a**2 + 69*a + 425. Calculate y(40).
-15
Let n(b) = -5*b + 158. Give n(18).
68
Let c(d) = d**3 + 17*d**2 + 3*d - 207. Give c(-16).
1
Let j(l) = 41*l - 3147. Calculate j(77).
10
Let f(p) = -5*p**2 + 4*p - 4. What is f(6)?
-160
Let b(y) = y**3 + 8*y**2 - 170*y. Calculate b(10).
100
Let x(c) = -65*c + 785. Determine x(12).
5
Let f(t) = t**3 - 14*t**2 + 54*t - 15. Calculate f(8).
33
Let d(b) = -b**2 + 50*b + 586. Determine d(-10).
-14
Let r(o) = 36*o + 1275. Determine r(-38).
-93
Let f(s) = -42*s + 14. What is f(-2)?
98
Let k(i) = -88*i - 1338. Determine k(-16).
70
Let j(p) = -3*p**3 + 55*p**2 + 92*p - 101. Give j(20).
-261
Let t(n) = -n**3 + 2*n**2 + 15*n + 18. What is t(0)?
18
Let t(c) = -c**3 + 28*c**2 - 27*c + 11. What is t(27)?
11
Let w(z) = 1436*z + 295809. Calculate w(-206).
-7
Let i(f) = -61*f - 15124. Determine i(-248).
4
Let c(x) = -4*x**2 + 3*x + 27. What is c(9)?
-270
Let m(g) = -g**2 + 165*g - 1242. Determine m(8).
14
Let v(b) = 13*b**2 + 25*b + 52. Determine v(-2).
54
Let j(t) = -9*t**3 + 43*t**2 + 5*t + 17. Determine j(5).
-8
Let h(w) = 144*w - 100. Give h(1).
44
Let l(w) = -67*w - 314. Determine l(-5).
21
Let g(w) = w**3 - 9*w**2 + 11*w + 14. Give g(7).
-7
Let b(l) = -l**2 - 10*l + 203. Determine b(-20).
3
Let l(o) = -4*o**2 - 59*o - 159. Calculate l(-11).
6
Let t(q) = 3*q**2 - 14*q + 21. What is t(4)?
13
Let k(h) = -h**3 + 204*h**2 + 851*h - 3963. What is k(208)?
-11
Let u(g) = -99*g**3 - 2*g**2. Give u(-1).
97
Let r(p) = 2*p**2 + 67*p + 505. What is r(-22)?
-1
Let k(y) = y**2 - 5*y - 6. Determine k(7).
8
Let z(f) = f**3 - 36*f**2 + 61*f + 223. Determine z(34).
-15
Let s(q) = 10845*q + 75910. Calculate s(-7).
-5
Let l(r) = r**3 + 40*r**2 - r + 87. Determine l(-40).
127
Let